0. What is n(-2)?
-2
Let r(i) = -i**3 - 18*i**2 - 16*i + 3. Determine r(-17).
-14
Let s(k) = 2*k - 1. What is s(-6)?
-13
Let u(q) = 2*q + 23. Calculate u(-15).
-7
Let t(u) = -u**2 + u - 2. Calculate t(-2).
-8
Let a(x) = -4*x + 38. What is a(15)?
-22
Let l(f) = -f**2 - 6*f + 3. Calculate l(-7).
-4
Let v(k) = -k**3 - 11*k**2 - 28*k - 4. Calculate v(-5).
-14
Let f(g) = 2*g - 4. What is f(-5)?
-14
Let v(p) = -20*p**2 - 4*p - 6. Calculate v(-2).
-78
Let x(g) = -g + 30. What is x(22)?
8
Let g(b) = 7*b + 2. What is g(1)?
9
Let p(t) = 2*t - 8. Determine p(5).
2
Let x(g) = -11*g - 110. What is x(-11)?
11
Let w(z) = -z**3 + 5*z. Determine w(2).
2
Let b(y) = 39*y**3 + 2*y**2 - 3*y + 2. Calculate b(1).
40
Let f(o) = -o**2 - 22*o - 14. Determine f(-19).
43
Let u(k) = -8*k**2 + 4*k + 11. What is u(-3)?
-73
Let n(t) = -t**3 + 4*t**2 + 2*t - 1. Give n(4).
7
Let q(x) = -25*x**2 - 3*x + 3. What is q(1)?
-25
Let g(r) = r**2 + r - 13. Give g(4).
7
Let o(u) = u**3 + 9*u**2 + 12*u - 27. Give o(-7).
-13
Let s(g) = 19*g**3 - g**2 - 3*g - 2. Determine s(-1).
-19
Let x(j) = -3*j - 2. Determine x(-2).
4
Let x(m) = -m**2 - 7*m - 2. Determine x(-7).
-2
Let h(g) = 3*g**2 + 23*g - 12. Determine h(-8).
-4
Let o(b) = 44*b**2 + b + 1. Give o(-1).
44
Let m(q) = 5*q - 35. Calculate m(7).
0
Let t(q) = q**2 - 6*q + 6. Calculate t(5).
1
Let w(j) = -j**3 + 9*j**2 + 6*j + 45. Calculate w(10).
5
Let a(o) = o**2 + 18*o - 17. Determine a(-22).
71
Let b(v) = -2*v + 5. Determine b(-4).
13
Let x(v) = v**2 - 11*v + 12. Calculate x(9).
-6
Let t(l) = -41*l**3 - 2*l**2 - l. Determine t(-1).
40
Let a(h) = 3*h + 7. Determine a(-14).
-35
Let o(y) = y + 5. Determine o(-11).
-6
Let o(m) = -m**2 + 1. Determine o(-1).
0
Let t(h) = h - 8. Give t(13).
5
Let p(d) = d**2 + 2*d - 12. Calculate p(5).
23
Let m(b) = -b**2 - 4*b - 8. Determine m(0).
-8
Let u(g) = 8*g**3 + 2*g**2 - 1. What is u(-1)?
-7
Let g(f) = -f**2 + 24*f - 14. Give g(24).
-14
Let k(y) = y**3 + 4*y**2 - 8*y - 12. Calculate k(-7).
-103
Let s(g) = g**3 - 19*g**2 + 16*g + 27. Give s(18).
-9
Let x(t) = 72*t + 3. Calculate x(1).
75
Let x(z) = -z**3 - 9*z**2 + 12*z + 32. Determine x(-10).
12
Let v(a) = -a - 4. Determine v(9).
-13
Let o(d) = -28*d - 528. Give o(-19).
4
Let k(q) = -11*q + 138. What is k(15)?
-27
Let a(j) = -9*j**3 - 2*j**2 + 2*j - 1. What is a(1)?
-10
Let g(o) = -o**2 - 6. Calculate g(3).
-15
Let d(s) = s - 4. Calculate d(-14).
-18
Let x(z) = z**3 - 6*z**2 + 6*z - 58. What is x(6)?
-22
Let b(h) = 19*h - 14. Give b(1).
5
Let q(a) = -2*a**3 - 46*a**2 + 3*a + 78. Give q(-23).
9
Let z(r) = r**3 + 14*r**2 + 11*r - 25. Give z(-13).
1
Let p(v) = 64*v - 702. Calculate p(11).
2
Let n(a) = -a**3 + 13*a**2 - 13*a + 1. Calculate n(12).
-11
Let l(h) = -h**2 + 2*h + 9. What is l(5)?
-6
Let w(c) = -17*c - 3. What is w(-1)?
14
Let y(m) = 2*m + 4. Give y(-4).
-4
Let d(p) = 25*p + 357. Determine d(-14).
7
Let d(z) = -z**3 + 7*z**2 - 10*z + 1. What is d(5)?
1
Let b(r) = -r**3 + 6*r**2 + r - 21. What is b(5)?
9
Let a(w) = w**3 + 4*w**2 + 2. Give a(-5).
-23
Let u(d) = -2*d - 26. Determine u(-14).
2
Let a(n) = n**2 - 13*n - 31. What is a(15)?
-1
Let p(m) = -m**2 + 22*m - 51. Determine p(17).
34
Let x(l) = -9*l + 1. Calculate x(4).
-35
Let v(h) = 2*h - 6. Determine v(8).
10
Let u(y) = -y**3 + 19*y**2 - 41*y - 111. Calculate u(16).
1
Let h(c) = c**3 + 2*c**2 - 5*c + 4. Determine h(-5).
-46
Let r(v) = v**3 - 24*v**2 + 43*v + 27. Give r(22).
5
Let g(z) = -z + 19. Give g(20).
-1
Let i(t) = -t**2 + 8*t + 13. Calculate i(9).
4
Let o(t) = t**2 + t - 5. Calculate o(0).
-5
Let b(x) = x**3 + 13*x**2 + 20*x - 4. What is b(-11)?
18
Let d(m) = -m**3 - m**2 + 4*m - 4. Calculate d(3).
-28
Let b(s) = s**3 - 3*s**2 + s + 2. Determine b(2).
0
Let k(b) = 6*b + 89. Determine k(-13).
11
Let h(v) = -4*v + 1. Give h(-1).
5
Let n(v) = -3*v**3 - v**2 - 2*v. What is n(2)?
-32
Let y(v) = 2*v**2 - 11*v - 135. Give y(-6).
3
Let a(u) = -4*u - 28. Calculate a(-10).
12
Let v(z) = -z - 2. Calculate v(0).
-2
Let u(i) = i**3 - i**2 + 1. Determine u(3).
19
Let h(o) = -29*o + 129. Calculate h(4).
13
Let d(y) = -y**3 + 7*y**2 + 12*y - 31. Give d(9).
-85
Let w(d) = -d**3 - 8*d**2 + 8*d - 5. Calculate w(-9).
4
Let i(k) = 2*k**3 + 43*k**2 - 20*k + 53. Calculate i(-22).
9
Let y(i) = -i + 4. Give y(17).
-13
Let y(h) = h**3 + 7*h**2 + 3*h + 3. Determine y(-6).
21
Let p(h) = -4*h**2 - 7*h - 9. Calculate p(-4).
-45
Let w(i) = -i**3 - 5*i**2 + 8*i - 8. Calculate w(-7).
34
Let s(k) = -k**2 - 9*k + 35. Give s(-12).
-1
Let q(k) = -15*k + 202. What is q(13)?
7
Let g(q) = q**3 - 8*q**2 + 17*q - 15. What is g(6)?
15
Let z(n) = -2*n**2 - 2*n + 16. Calculate z(3).
-8
Let j(l) = -l**3 - 26*l**2 - 2*l - 41. Calculate j(-26).
11
Let u(p) = -p**2 - 11*p + 5. Give u(-15).
-55
Let x(j) = -6*j**2 - 59*j + 21. What is x(-10)?
11
Let u(o) = 13*o + 147. Determine u(-13).
-22
Let t(q) = -2*q**3 - 44*q**2 - 2*q - 50. Determine t(-22).
-6
Let n(q) = q**2 - 6*q - 3. Give n(3).
-12
Let t(s) = s**2 + 12*s - 3. Calculate t(-12).
-3
Let z(p) = p**2 - 15*p + 13. Give z(15).
13
Let u(b) = b**2 - 52. Determine u(0).
-52
Let s(o) = o**2 + 65*o + 60. Determine s(-64).
-4
Let g(j) = 6*j**2 + 5*j + 10. Determine g(-2).
24
Let i(w) = w**2 + 4*w + 1. What is i(-5)?
6
Let c(a) = a**2 + 16*a - 18. What is c(-13)?
-57
Let n(m) = 2*m**3 - 9*m**2 - 7*m + 36. Calculate n(4).
-8
Let w(h) = 9*h - 3. Determine w(-4).
-39
Let c(w) = 6*w**2 + 2*w. Give c(-1).
4
Let w(t) = -5*t - 3. Calculate w(-4).
17
Let s(j) = -j**2 - 3*j + 28. Determine s(0).
28
Let n(m) = 2*m**2 + 5*m + 1. Give n(-1).
-2
Let v(z) = 12*z + 21. Give v(-3).
-15
Let v(p) = -p**3 - 12*p**2 - 6*p + 38. Give v(-11).
-17
Let n(j) = -6*j + 38. Calculate n(11).
-28
Let f(s) = s**3 + 26*s**2 + 51*s + 36. Calculate f(-24).
-36
Let s(u) = -2*u + 7. Determine s(8).
-9
Let s(t) = 16*t**2 + t. What is s(1)?
17
Let t(u) = u**2 - 22*u + 50. Determine t(20).
10
Let a(m) = m + 12. Give a(-5).
7
Let c(u) = -u**2 + 3*u + 23. Give c(-4).
-5
Let r(c) = 12*c - 17. Calculate r(2).
7
Let x(o) = -o**3 - 9*o**2 + 4*o + 55. Calculate x(-10).
115
Let l(u) = 2*u + 15. Calculate l(-7).
1
Let k(u) = -5*u - 119. Give k(-26).
11
Let r(v) = -v**3 + 7*v + 5. Give r(-3).
11
Let f(w) = 2*w**3 - 166*w**2 + 632*w + 3. What is f(79)?
3
Let z(m) = -m**2 - 36*m + 79. Give z(-38).
3
Let p(s) = 2*s**3 + 3*s**2 - 3*s - 3. Calculate p(-3).
-21
Let p(r) = 2*r + 14. What is p(7)?
28
Let q(r) = -10*r**2 - 6*r - 7. Give q(-1).
-11
Let m(j) = -3*j + 25. Give m(10).
-5
Let q(t) = 23*t + 1. Determine q(1).
24
Let j(i) = i**3 + 9*i**2 - 15*i - 14. Give j(-10).
36
Let k(i) = -31*i**3 + i**2 + 7*i - 7. Calculate k(1).
-30
Let f(y) = -4*y. What is f(1)?
-4
Let m(q) = q**3 + 11*q**2 + 11*q + 9. Determine m(-10).
-1
Let v(w) = w**2 + 10*w - 25. What is v(-12)?
-1
Let d(b) = -b**3 + 4*b**2 - 4*b - 1. Determine d(3).
-4
Let l(d) = -d**2 + 7*d - 6. Give l(8).
-14
Let q(x) = -14*x + 3. What is q(-5)?
73
Let b(g) = -g**2 - 21*g - 22. Give b(-16).
58
Let f(l) = 4*l - 16. Determine f(5).
4
Let o(c) = 59*c - 358. Determine o(6).
-4
Let y(z) = -z - 3. Calculate y(-4).
1
Let p(m) = 13*m + 369. Determine p(-30).
-21
Let g(a) = -a**2 + 5*a + 5. Calculate g(8).
-19
Let t(q) = -35*q - 9. Determine t(-3).
96
Let h(m) = m**3 + 20*m**2 - 18*m + 75. Give h(-21).
12
Let k(a) = -a**2 - 3*a + 3. Determine k(1).
-1
Let s(y) = 3*y + 45. Determine s(-25).
-30
Let c(a) = a - 2. What is c(-9)?
-11
Let o(a) = -a**3 - 10*a**2 + 8. What is o(-10)?
8
Let b(c) = -c**3 - 3*c**2 - 5*c - 35. What is b(-4)?
1
Let w(n) = -n**3 + 32*n**2 + 105*n + 3. Calculate w(35).
3
Let p(r) = -6*r**2 - 2*r + 1. Calculate p(-2).
-19
Let i(p) = -12*p + 16. Determine i(3).
-20
Let q(o) = -o**3 + 12*o**2 + 44*o - 24. What is q(15)?
-39
Let c(t) = t**3 - 7*t**2 + 5*t + 8. Calculate c(6).
2
Let c(s) = 5*s + 3. What is c(1)?
8
Let o(v) = -3*v**3 - 3*v**2 + v. Calculate o(2).
-34
Let i(d) = 2*d**2 - 9*d + 10. Calculate i(3).
1
Let y(p) = -p - 22. Give y(-25).
3
Let n(f) = -13*f - 69. What is n(-6)?
9
Let q(t) = -2*t - 3. Give q(-3).
3
Let d(h) = -h + 35. Determine d(-11).
46
Let d(p) = -34*p + 1. Determine d(1).
-33
Let b(t) = -9*t + 44. Calculate b(5).
-1
Let x(l) = -2*l**2 + 7*l + 27. Calculate x(7).
-22
Let p(g) = g**2 + 7*g - 7. Calculate p(-9).
11
Let p(x) = x**2 - 15*x + 26. What 